j - 3*v = -266943, 119*j - 4*v - 89026 = 118*j. What is the hundreds digit of j?
9
Let y = 293 + -298. What is the hundreds digit of -1115*2/y + 3?
4
Let a be -4 + 0 + (-5 - 60). Let x = a + 108. What is the units digit of x?
9
Let j(w) = -w**3 + 23*w**2 + 2*w - 42. Let g be j(23). Let h(t) = 4*t + 2*t - g*t + t**2 + 3 - 11. What is the tens digit of h(-13)?
3
What is the hundreds digit of 11126/11 - (2 + (-448)/176)?
0
Let g be 36/15*(-45)/(-2). What is the units digit of ((-10713)/(-9) - -3) + g/81?
4
Let a be (-22 - 2) + (-1)/((-3)/12). Let c = a + 157. What is the hundreds digit of c?
1
Suppose 0 = 4*u + 12, 4*k - 19280 = -7*u + 11*u. What is the thousands digit of k?
4
Let b = 4236 + -1587. Suppose -93*t + 92*t - b = -3*x, 0 = -4*x - t + 3539. What is the hundreds digit of x?
8
Let n be 181 - 2/(3 - 35/10). Suppose 0 = s + 2*g - 187, g - n = -4*s + 3*s. What is the units digit of s?
3
Suppose 5*z + 4*i - 36647 = 0, 4*z - 29305 = -0*z - 5*i. What is the units digit of z?
5
Suppose l = -4*x + 2027, -19*l = -17*l - 3*x - 4010. What is the units digit of l?
1
Let f be ((-4)/2)/(-1 - 1). Let d(k) = -2 + k + 0 + 4 - f. What is the tens digit of d(11)?
1
What is the hundreds digit of 10/38*(-30)/(-75) - 146575/(-95)?
5
Suppose 6*x - 134 - 64 = 0. Let p = x + 4. Let r = -20 + p. What is the units digit of r?
7
Let b = 9 + 57. Let u = b - 62. Suppose 0 + 114 = d + 3*i, -386 = -u*d + 2*i. What is the tens digit of d?
9
Let c(y) = 2*y**2 - 3*y - 14. Suppose 0*l = -5*l - o + 143, 5*l - 147 = o. Suppose l = -11*v - 48. What is the tens digit of c(v)?
0
Let j be (-2997)/(-36) - ((-3)/4 + 1). Let y(f) = -f**2 - f + 7. Let c be y(-6). Let q = c + j. What is the tens digit of q?
6
Suppose -u - 4*u - 50 = 0. Let y(b) = b**3 + 10*b**2 - 7*b - 6. Let q be y(u). Let g = 41 + q. What is the tens digit of g?
0
Suppose -46*s + 145 = -51*s. Let c be (-1 - -5)*(s/4 - -7). What is the hundreds digit of c - (-10 + 5) - -215?
2
Let x(k) = 6*k**2 - 2*k. Let n be x(-1). Let u = n + 2. What is the units digit of 5/u - 370/(-4)?
3
Suppose 4*a = v + 1327, -237 - 1427 = -5*a - 4*v. Suppose a + 417 = h. What is the tens digit of h?
4
Let z = 9183 - 8041. What is the units digit of z?
2
Let b = 708 - 711. What is the units digit of b*43*(2 + 217/(-21))?
5
Let l(i) = -194*i + 74. Let m be l(1). Suppose -4*u + 5*x = -3*u + 15, u - 15 = -x. What is the units digit of 16/(4/u + (-12)/m)?
2
Let b(u) = -u**3 + 8*u + 9. Let h be b(-5). Suppose x - h = 81. What is the hundreds digit of x?
1
Let m = -8350 - -26946. What is the thousands digit of m?
8
Suppose -4*h = -3*h - 396. Let z = h + -187. What is the units digit of z?
9
Suppose -a + 3017 = k, -308*a - 2*k + 15082 = -303*a. What is the tens digit of a?
1
Suppose -2*n = -5*w - 0*n + 3140, 4*w = -5*n + 2545. Let v = w - 345. What is the hundreds digit of v?
2
Suppose 16*a - 171 = -3*a. Suppose a*z - 3612 - 3471 = 0. What is the hundreds digit of z?
7
Let h = -5278 + 2825. Let i = -1043 - h. What is the thousands digit of i?
1
Let f(g) = 1896*g - 938*g - 22 - 1365*g. What is the hundreds digit of f(-3)?
1
Let w be (-1)/5 + (-10955)/(-25). Suppose -5*j + 11*j - w = 0. Let d = j + -27. What is the tens digit of d?
4
Suppose -6*h - 218 = 1684. Let a = -172 - h. What is the hundreds digit of a?
1
Let z(t) be the second derivative of t**5/20 - t**4/2 + 13*t**3/6 + 5*t**2/2 + 2*t + 1. What is the hundreds digit of z(9)?
3
Let i(o) = -4*o**3 + 350*o**2 - 135*o + 1008. What is the units digit of i(85)?
3
Let n(l) be the third derivative of -l**6/120 - l**5/30 + 11*l**4/24 - 10*l**3/3 - 33*l**2. Let m be n(-9). Let f = m - 298. What is the hundreds digit of f?
1
Let j(l) = 2*l**3 - 15*l**2 - 2*l - 11. Let v(p) = 3*p + 14. Let f be 4 + -11 + 20/4. Let g be v(f). What is the units digit of j(g)?
7
Suppose 2*a + 3*a - 10 = 0. Suppose 2*t + a*j - 84 = 0, j + 2 + 2 = 0. Suppose 0 = -d + 2, 2*w - t - 114 = 4*d. What is the units digit of w?
4
Suppose -4504 = 188*c - 196*c. Let o = c + -315. What is the hundreds digit of o?
2
Let v(o) = -o**2 + 7*o - 12. Let z be v(3). Suppose 3*a + 253 = 5*p, 4*p - 192 = 5*a - z*a. Let i = 167 - p. What is the hundreds digit of i?
1
Suppose 0 = j - 373*p + 369*p - 5897, 3*j + p - 17613 = 0. What is the hundreds digit of j?
8
Let f = -75 - -75. Let i(n) = -n**2 + 2*n + 243. Let j be i(f). Suppose 5*w = j + 137. What is the tens digit of w?
7
Let q be 1*(4 + 0 - -1). Suppose -6*n + 504 = -q*n. Suppose 3*b + n = 5*b. What is the hundreds digit of b?
2
What is the thousands digit of 5436 - (-10 - -3)*3/(-7)?
5
Suppose 5*r + 3008 = -3*j, 3*j - 2916 = 4*r - 515. Let y = 1371 + r. Suppose 0 = 4*o + 7*o - y. What is the tens digit of o?
7
Suppose 0 = -17*t + 348621 + 82 - 2498. What is the hundreds digit of t?
3
Suppose -396 + 382 = 2*n. What is the hundreds digit of -22*(-9)/2 - (n + 2)?
1
Suppose 2*h = -3*n + 1212, 2 = -5*n - 8. Let d = -118 + h. What is the hundreds digit of d?
4
What is the ten thousands digit of ((-1240)/496)/(((-20)/69024)/5)?
4
Suppose 17*h - 775694 - 421786 = 0. What is the thousands digit of h?
0
Suppose 3*q + 305 - 116 = 0. Let i = q + 67. Suppose -3*r = -3*y - 315, 5*r - 519 = -y + i*y. What is the units digit of r?
2
Let p(r) = -34*r + 502. What is the units digit of p(-36)?
6
Let j(z) = 814*z**2 + 13*z + 10. What is the thousands digit of j(-3)?
7
Let c be -5 - 3 - (-60)/3. Suppose c*o = 10734 + 2406. What is the thousands digit of o?
1
Let y = 407 + 153. Suppose y = 3*l - 10. Let k = 345 - l. What is the tens digit of k?
5
Let q(i) be the first derivative of -5*i**4/2 - i**3/3 + 13*i - 39. What is the tens digit of q(-4)?
3
Let p be 548/11 + ((-140)/(-44) - 3). Let k = -22 + p. What is the tens digit of k/(-3)*(-198)/77?
2
Suppose d = z - 3750, 0 = 3*z + 6*d - 13*d - 11270. What is the hundreds digit of z?
7
Let l = -30 + 90. Let d = l - 57. Suppose d*h - 7*h = -304. What is the units digit of h?
6
Suppose -301 - 319 = 5*a. Let f = a - -383. Let n = -169 + f. What is the units digit of n?
0
Let x(k) = k**3 - 5*k**2 + 4*k + 2. Let u be x(4). Let n(t) = 67 + 2*t + 65*t**2 - 136 + 66 + u*t. What is the tens digit of n(1)?
6
Suppose 5*t = -a - 8, -32*a - 37 = -29*a + 2*t. Let r = 17 + -12. Let n = r - a. What is the tens digit of n?
1
Let t be (-9)/(-6)*(-1304)/12. Let y = 176 + t. What is the units digit of y?
3
Suppose 5*a + 3*k + 4 = 0, -3*a + k = 4*k. What is the hundreds digit of ((-1851)/a)/3 - (-7)/14?
3
Let q(i) = 65*i**2 + 2*i + 0*i - 4 - 4*i - 6 + 19. What is the tens digit of q(3)?
8
Let k(s) = 2*s**2 - s - 2. Let z be k(2). Suppose -3*i - r = -1 + 3, -2 = z*i + r. Suppose -3*o = 9, 0 = 5*m - i*m - 5*o - 60. What is the units digit of m?
9
Let m(h) = -3*h**3 - 42*h**2 - 31*h + 48. What is the thousands digit of m(-17)?
3
Suppose -140*r + 4671165 - 1006665 = 0. What is the tens digit of r?
7
Suppose j + 5*k - 734 = 0, -3*j + 2764 - 507 = 4*k. Suppose -c - j = 2*f - 4*f, -3*c = 3. What is the hundreds digit of f?
3
Let b(g) be the second derivative of 11*g**3/6 + 21*g**2/2 - 5*g. Let h(o) = 22*o + 41. Let m(z) = -13*b(z) + 6*h(z). What is the units digit of m(-6)?
9
Let g(s) = -5*s**2 - 3*s. Let j be g(-2). What is the hundreds digit of 2582/5 + -5*j/(-175)?
5
Let g = 100 + -98. Suppose y + g*p = 3*y - 2530, -y = -2*p - 1263. What is the units digit of y?
7
Let w(o) = o**3 - 6*o**2 - 2*o**2 + 4*o - 3*o**2 + 159 - 22 - 4*o**2. What is the tens digit of w(17)?
8
Let w = 103574 + -51073. What is the ten thousands digit of w?
5
Let c be (-1)/(-3) + 5739/9 + -5. Suppose -p + 3*b = -c, 3*p - 623 = 2*p - 2*b. What is the units digit of p?
7
Suppose 43884 = 3*c - 3*s, 0 = 3*c - 9*s - s - 43863. What is the tens digit of c?
3
What is the tens digit of ((-28)/98)/((-2)/3542)?
0
Suppose 0 = 8*b - 5*b - 9. Suppose -16 = -b*w + 11. Suppose 80 = -7*x + w*x. What is the units digit of x?
0
Let t(y) = -4686*y + 45. Let u be t(-13). What is the hundreds digit of (-2)/(-6) + u/63?
9
Let k = 14752 - 7107. What is the tens digit of k?
4
Let v(z) = 15*z**2 - 3*z + 3. Let h be v(4). Let t be -3 + 11 - (4 + 1). Suppose 0 = t*r - 3*a - h, 3*a + 0*a - 280 = -4*r. What is the tens digit of r?
7
Suppose 7*i + 378 + 280 = 0. Let o = -91 - i. Suppose 2*g = c - 50 - 4, -o*g - 50 = -c. What is the tens digit of